se 3
21
What is -1 (base 5) in base 11?
-1
What is -6 (base 14) in base 16?
-6
Convert -20 (base 7) to base 14.
-10
What is 15f (base 16) in base 14?
1b1
What is 216 (base 9) in base 3?
20120
What is 4 (base 7) in base 4?
10
22 (base 8) to base 13
15
What is -22 (base 3) in base 12?
-8
-23 (base 7) to base 12
-15
-112 (base 3) to base 6
-22
-3 (base 11) to base 16
-3
What is -65 (base 8) in base 10?
-53
-2 (base 4) to base 5
-2
What is -111 (base 5) in base 12?
-27
What is 1 (base 16) in base 2?
1
Convert -13 (base 7) to base 12.
-a
What is 1 (base 4) in base 2?
1
13 (base 4) to base 6
11
Convert -2 (base 9) to base 15.
-2
Convert d (base 15) to base 3.
111
5 (base 16) to base 11
5
10 (base 4) to base 16
4
-47 (base 13) to base 10
-59
-11 (base 2) to base 15
-3
Convert -a0 (base 13) to base 16.
-82
-11 (base 3) to base 14
-4
What is 2 (base 7) in base 13?
2
What is 152 (base 8) in base 12?
8a
2 (base 7) to base 16
2
What is 16 (base 9) in base 12?
13
Convert 22 (base 11) to base 13.
1b
What is -40 (base 9) in base 15?
-26
134 (base 12) to base 10
184
What is -48 (base 9) in base 6?
-112
What is 25 (base 9) in base 7?
32
What is 78 (base 9) in base 14?
51
What is -423 (base 7) in base 16?
-d5
312 (base 4) to base 11
4a
What is -152 (base 6) in base 4?
-1010
What is -3 (base 14) in base 3?
-10
-88 (base 12) to base 4
-1220
What is -20 (base 3) in base 15?
-6
7 (base 13) to base 9
7
Convert -191 (base 11) to base 10.
-221
What is 104 (base 8) in base 10?
68
-243 (base 6) to base 16
-63
Convert 4 (base 7) to base 13.
4
Convert 7 (base 14) to base 7.
10
What is 102 (base 3) in base 13?
b
-13 (base 4) to base 8
-7
-22102 (base 3) to base 13
-146
76 (base 9) to base 10
69
Convert -33 (base 8) to base 5.
-102
What is 25 (base 11) in base 9?
30
Convert 11 (base 8) to base 12.
9
Convert -256 (base 9) to base 10.
-213
11 (base 3) to base 16
4
Convert -77 (base 9) to base 16.
-46
29 (base 11) to base 7
43
What is 200 (base 3) in base 16?
12
-16a (base 15) to base 16
-145
Convert 10 (base 5) to base 15.
5
5 (base 7) to base 5
10
2 (base 9) to base 7
2
Convert -a0 (base 14) to base 2.
-10001100
-402 (base 6) to base 2
-10010010
4 (base 7) to base 11
4
What is f (base 16) in base 11?
14
Convert -3 (base 8) to base 14.
-3
What is 6 (base 7) in base 13?
6
5 (base 7) to base 10
5
Convert 4 (base 12) to base 7.
4
What is 1010 (base 3) in base 5?
110
What is -2 (base 10) in base 12?
-2
What is 0 (base 6) in base 10?
0
What is 21 (base 16) in base 12?
29
What is -1 (base 6) in base 3?
-1
12 (base 13) to base 14
11
92 (base 15) to base 4
2021
0 (base 6) to base 3
0
Convert -416 (base 7) to base 9.
-252
Convert -10 (base 5) to base 16.
-5
-12 (base 12) to base 9
-15
What is -36 (base 7) in base 5?
-102
Convert 0 (base 6) to base 15.
0
What is 41 (base 16) in base 5?
230
15 (base 9) to base 12
12
What is 220 (base 7) in base 15?
77
-5 (base 9) to base 3
-12
What is -4 (base 14) in base 2?
-100
What is 63 (base 14) in base 9?
106
What is -20 (base 3) in base 8?
-6
a (base 16) to base 3
101
-9 (base 12) to base 4
-21
Convert -4 (base 13) to base 7.
-4
-10 (base 4) to base 3
-11
Convert 27 (base 13) to base 6.
53
What is -340 (base 5) in base 8?
-137
Convert -3 (base 11) to base 5.
-3
Convert 9 (base 11) to base 8.
11
-1210 (base 4) to base 12
-84
Convert 4 (base 6) to base 11.
4
Convert -b (base 13) to base 8.
-13
-10001 (base 2) to base 3
-122
48 (base 16) to base 15
4c
What is 38 (base 16) in base 12?
48
1 (base 16) to base 12
1
What is -1201 (base 6) in base 15?
-144
What is 121 (base 4) in base 7?
34
Convert 1 (base 13) to base 4.
1
Convert -12 (base 10) to base 7.
-15
Convert 130 (base 6) to base 9.
60
Convert 21 (base 3) to base 15.
7
Convert 90 (base 13) to base 6.
313
Convert -23 (base 13) to base 4.
-131
Convert 1000 (base 2) to base 9.
8
Convert -13 (base 6) to base 16.
-9
Convert -1 (base 6) to base 4.
-1
-200 (base 3) to base 6
-30
4 (base 16) to base 7
4
What is -14 (base 16) in base 11?
-19
What is 5 (base 8) in base 11?
5
-53 (base 8) to base 10
-43
Convert 98 (base 15) to base 6.
355
Convert 11 (base 4) to base 7.
5
6 (base 7) to base 9
6
What is 7 (base 8) in base 2?
111
Convert 1010100 (base 2) to base 13.
66
-27 (base 11) to base 9
-32
Convert -11 (base 2) to base 13.
-3
What is -12 (base 11) in base 6?
-21
Convert 10 (base 7) to base 8.
7
110 (base 5) to base 12
26
-4 (base 10) to base 11
-4
-40 (base 13) to base 5
-202
100 (base 8) to base 13
4c
104 (base 8) to base 3
2112
Convert -5 (base 7) to base 14.
-5
Convert -211 (base 4) to base 16.
-25
40 (base 9) to base 4
210
0 (base 7) to base 6
0
Convert -28 (base 16) to base 7.
-55
343 (base 5) to base 6
242
Convert 110001 (base 2) to base 16.
31
What is 3 (base 14) in base 2?
11
What is -34 (base 8) in base 3?
-1001
What is 22 (base 4) in base 3?
101
-2 (base 14) to base 15
-2
What is -4 (base 10) in base 9?
-4
14 (base 13) to base 11
16
What is a (base 13) in base 12?
a
What is -cc (base 13) in base 8?
-250
What is 1111111 (base 2) in base 14?
91
Convert 1222 (base 5) to base 11.
160
Convert -101101 (base 2) to base 5.
-140
Convert 1 (base 11) to base 16.
1
-240 (base 7) to base 8
-176
What is -17 (base 13) in base 10?
-20
Convert 25 (base 6) to base 4.
101
1 (base 10) to base 7
1
What is 2101 (base 3) in base 14?
48
Convert 1 (base 12) to base 16.
1
Convert -110 (base 3) to base 11.
-11
Convert -100 (base 2) to base 5.
-4
8 (base 12) to base 4
20
What is -20 (base 7) in base 15?
-e
-2 (base 4) to base 13
-2
What is 3 (base 5) in base 14?
3
What is -1000111 (base 2) in base 6?
-155
-12 (base 7) to base 4
-21
Convert 11 (base 3) to base 12.
4
What is -34 (base 6) in base 2?
-10110
36 (base 13) to base 15
30
What is 23 (base 11) in base 8?
31
Convert 11001 (base 2) to base 6.
41
What is -13 (base 4) in base 14?
-7
Convert -2 (base 14) to base 16.
-2
2 (base 3) to base 10
2
Convert 0 (base 3) to base 6.
0
Convert -40 (base 6) to base 9.
-26
Convert 1 (base 15) to base 6.
1
62 (base 12) to base 7
134
Convert 104 (base 6) to base 3.
1111
What is 0 (base 5) in base 2?
0
What is 22 (base 7) in base 15?
11
Convert -22 (base 5) to base 14.
-c
-6 (base 11) to base 16
-6
What is -1020 (base 3) in base 4?
-201
-30 (base 15) to base 2
-101101
What is 0 (base 9) in base 6?
0
What is 5 (base 8) in base 3?
12
Convert 10 (base 2) to base 14.
2
What is -50 (base 15) in base 3?
-2210
Convert -24 (base 5) to base 15.
-e
Convert 1 (base 8) to base 15.
1
-2 (base 4) to base 5
-2
Convert -108 (base 9) to base 2.
-1011001
What is 1 (base 12) in base 14?
1
Convert 21202 (base 3) to base 11.
180
What is -b0 (base 14) in base 16?
-9a
What is -9 (base 12) in base 2?
-1001
-110 (base 2) to base 11
-6
What is -31 (base 6) in base 9?
-21
What is -11000101 (base 2) in base 10?
-197
2 (base 15) to base 5
2
What is 5 (base 11) in base 15?
5
-10 (base 15) to base 11
-14
What is 44 (base 9) in base 16?
28
What is 10 (base 14) in base 8?
16
Convert -34 (base 10) to base 16.
-22
12 (base 9) to base 15
b
What is 1 (base 16) in base 3?
1
23 (base 11) to base 14
1b
200 (base 6) to base 10
72
Convert 9 (base 16) to base 6.
13
Convert 17 (base 12) to base 8.
23
1 (base 8) to base 4
1
What is 1c (base 14) in base 3?
222
What is -41 (base 7) in base 14?
-21
Convert 135 (base 6) to base 9.
65
What is 5 (base 7) in base 4?
11
101 (base 3) to base 16
a
What is 220 (base 6) in base 2?
1010100
-1212 (base 3) to base 6
-122
-446 (base 8) to base 6
-1210
Convert 2 (base 7) to base 5.
2
-2 (base 14) to base 12
-2
4 (base 11) to base 6
4
3 (base 12) to base 8
3
0 (base 15) to base 2
0
Convert 331 (base 4) to base 11.
56
What is -30 (base 9) in base 13?
-21
13 (base 4) to base 9
7
Convert -c7 (base 16) to base 4.
-3013
Convert 222 (base 8) to base 10.
146
Convert 2 (base 5) to base 11.
2
What is 2211 (base 4) in base 11?
140
65 (base 11) to base 15
4b
Convert 110 (base 4) to base 5.
40
-65 (base 13) to base 12
-6b
Convert 33 (base 14) to base 12.
39
Convert 22 (base 3) to base 5.
13
-3d (base 14) to base 9
-61
What is -14 (base 14) in base 5?
-33
Convert 10 (base 2) to base 15.
2
What is 17 (base 11) in base 15?
13
Convert -65 (base 10) to base 11.
-5a
What is -a (base 12) in base 5?
-20
What is 31 (base 7) in base 3?
211
Convert -114 (base 6) to b